et h(w) = 40*w - 2. Calculate h(2).
78
Let m(k) = -3*k - 4. Give m(-5).
11
Let k(r) = -22*r - 178. Give k(-8).
-2
Let w(q) = q**3 - 7*q**2 - 7*q + 1. What is w(8)?
9
Let t(i) = i - 1. What is t(5)?
4
Let x(h) = -26*h - 95. Calculate x(-4).
9
Let w(j) = 23*j - 17. Determine w(-2).
-63
Let n(d) = -d**3 + 8*d**2 - d + 5. Determine n(7).
47
Let q(d) = -2*d - 5. Calculate q(-8).
11
Let z(k) = 68*k**2 - 3*k + 2. What is z(1)?
67
Let m(i) = -7*i**3 - i**2 + 2*i + 5. Determine m(-2).
53
Let q(l) = 2*l + 32. What is q(9)?
50
Let g(d) = 8*d**3 - d**2 + d - 2. What is g(1)?
6
Let w(o) = -3*o - 14. Determine w(-11).
19
Let h(b) = -b**2 - 6*b - 1. Give h(-6).
-1
Let j(s) = -2*s + 30. What is j(17)?
-4
Let p(z) = -8*z - 62. What is p(-13)?
42
Let t(r) = -r**3 + 2*r**2 - 3. What is t(-2)?
13
Let k(a) = a + 11. Calculate k(-3).
8
Let m(n) = -n**3 + 4*n**2 + 25*n + 11. Calculate m(6).
89
Let r(p) = -3*p + 24. Determine r(7).
3
Let u(j) = -4*j - 5. Give u(-9).
31
Let l(y) = 105*y - 7. Give l(0).
-7
Let k(y) = 2*y**2 - 10*y + 8. What is k(4)?
0
Let v(u) = -u**3 + 9*u**2 - 26*u + 38. Calculate v(5).
8
Let k(o) = 5*o + 7. What is k(-2)?
-3
Let o(s) = -s - 22. Give o(-12).
-10
Let p(s) = -2*s + 27. Determine p(11).
5
Let s(k) = k**2 - 18*k + 25. Give s(18).
25
Let x(j) = j**2 - 18. Determine x(-4).
-2
Let x(l) = -13*l**2 - l + 1. Give x(1).
-13
Let u(c) = -c**3 + 13*c**2 + 6*c + 75. Determine u(14).
-37
Let t(h) = h**3 + 6*h**2 - 3*h - 12. Give t(-2).
10
Let m(r) = -r**2 - 8*r - 6. Calculate m(-9).
-15
Let g(n) = -2*n**2 - 4*n + 6. Determine g(7).
-120
Let w(c) = -6*c + 66. Determine w(10).
6
Let f(x) = -4*x + 103. What is f(26)?
-1
Let d(s) = 3*s**2 - 6. What is d(-2)?
6
Let b(x) = x**3 + 10*x**2 + 18*x + 21. What is b(-8)?
5
Let d(b) = -b**3 + 5*b**2 + 10*b + 14. Determine d(7).
-14
Let t(j) = -j**3 - 8*j**2 - 2*j + 1. What is t(-7)?
-34
Let h(i) = i**2 - i - 2. What is h(-2)?
4
Let z(v) = v. Give z(5).
5
Let l(r) = -r**2 - r - 2. What is l(3)?
-14
Let y(c) = c**3 + 11*c**2 - 11*c + 10. What is y(-12)?
-2
Let y(w) = -w**3 - 8*w**2 + w + 10. Determine y(-8).
2
Let i(u) = -2*u**2 - 11*u + 3. Give i(-6).
-3
Let u(w) = -3*w**3 - 3*w**2 + 9*w + 13. Calculate u(-4).
121
Let w(u) = -31*u + 3. Calculate w(3).
-90
Let s(t) = t**2 + 14*t + 22. Calculate s(-12).
-2
Let g(i) = -21*i - 109. Calculate g(-5).
-4
Let h(y) = -14*y + 22. Determine h(3).
-20
Let p(j) = j**2 - 17*j + 101. Determine p(13).
49
Let y(t) = -t**3 + 3*t**2 + 3*t + 5. Determine y(4).
1
Let u(k) = -2*k**2 - 19*k + 15. Calculate u(-10).
5
Let a(k) = -k**2 - 11*k - 22. Give a(-9).
-4
Let a(f) = -4*f**2 + 62*f + 62. Calculate a(16).
30
Let h(d) = -d**2 - 39*d + 164. What is h(-43)?
-8
Let d(u) = -u**3 - 14*u**2 - 2*u - 26. Determine d(-14).
2
Let n(q) = 29*q + 18. Give n(-4).
-98
Let y(a) = -a - 3. What is y(-4)?
1
Let o(a) = a + 52. Give o(0).
52
Let j(x) = x**3 + 5*x + 3. Give j(-2).
-15
Let x(l) = l. What is x(-1)?
-1
Let f(j) = -6*j**2 + 2*j + 4. Determine f(-3).
-56
Let s(o) = 33*o + 226. Calculate s(-7).
-5
Let b(h) = -10*h - 45. Calculate b(-7).
25
Let t(r) = -r**3 - 8*r**2 + 2*r + 2. What is t(-8)?
-14
Let j(w) = -w**3 - 16*w**2 - 15*w - 13. Give j(-15).
-13
Let a(p) = 5*p + 8. Give a(-6).
-22
Let z(d) = 6*d. Determine z(6).
36
Let l(x) = -6*x - 13. Give l(-4).
11
Let k(l) = 3*l**2 + l. Determine k(-2).
10
Let a(y) = y**2 + 7*y - 13. Give a(-6).
-19
Let d(f) = 3*f**2 - 15*f - 12. Determine d(-5).
138
Let s(x) = -x**3 + 33*x**2 - 27*x - 149. What is s(32)?
11
Let o(p) = -p**2 - 3*p - 4. Give o(-6).
-22
Let d(z) = z**3 + 7*z**2 - 6*z + 4. What is d(-6)?
76
Let p(u) = u**2 - 15*u - 15. What is p(16)?
1
Let d(t) = -t**3 - 6*t**2. Give d(-3).
-27
Let r(h) = -3*h + 2. Calculate r(9).
-25
Let w(c) = -7*c - 265. Give w(-37).
-6
Let q(x) = -x**2 - 8*x - 8. Give q(-6).
4
Let v(k) = -4*k**3 - 7*k**2 + 2*k + 3. Determine v(-1).
-2
Let y(u) = -3*u - 12. Determine y(-8).
12
Let t(n) = -9*n + 68. Give t(8).
-4
Let a(v) = -6*v**3 + v**2. What is a(-1)?
7
Let u(i) = 9*i + 49. Determine u(-5).
4
Let u(g) = 2*g**2 + 12*g + 11. What is u(-6)?
11
Let k(b) = b**2 - 3*b - 9. Calculate k(4).
-5
Let a(n) = -n**3 - 11*n**2 + 13*n - 13. Determine a(-12).
-25
Let t(h) = 2*h. Give t(-8).
-16
Let p(o) = -12*o**2 - 5*o - 5. Give p(-2).
-43
Let l(h) = 4*h - 3. Give l(2).
5
Let f(o) = o**3 - 6*o**2 + 2*o + 34. What is f(4)?
10
Let c(y) = y**2 + y + 1. Determine c(-2).
3
Let d(t) = t - 2. Determine d(4).
2
Let g(c) = c + 22. Calculate g(-7).
15
Let d(z) = 9*z**2 + 255*z + 96. What is d(-28)?
12
Let s(r) = -r**3 - 8*r**2 + 6*r - 11. What is s(-9)?
16
Let x(w) = w**3 + 6*w**2 - 28*w + 10. Give x(-9).
19
Let b(w) = w**3 - 12*w**2 + 11*w. What is b(11)?
0
Let l(c) = -c**3 + 6*c**2 + 10*c + 1. Determine l(7).
22
Let v(l) = -l**3 + 3*l**2 - 6*l - 7. Determine v(6).
-151
Let q(r) = -r**3 + 6*r**2 + 6*r - 9. Calculate q(6).
27
Let j(r) = r**2 + 7*r - 92. Give j(7).
6
Let a(p) = 5*p**3 - 3*p**2 - 2*p. Determine a(-1).
-6
Let g(l) = -l**2 - 3*l - 10. Determine g(0).
-10
Let w(x) = x**3 + 15*x**2 - 13*x - 1. Give w(-16).
-49
Let i(c) = 2*c**2 - 16*c - 13. Give i(8).
-13
Let u(g) = -5*g + 5. Give u(7).
-30
Let s(z) = 7*z - 101. Determine s(14).
-3
Let z(i) = -i**3 + 6*i**2 - 6*i + 5. What is z(4)?
13
Let r(i) = -i**3 - 8*i**2 - i - 8. What is r(-8)?
0
Let m(n) = 38*n + 6. Determine m(1).
44
Let q(w) = w**3 - 8*w**2 - w + 2. Give q(8).
-6
Let m(o) = 2*o**2 + 21*o + 25. Calculate m(-8).
-15
Let j(l) = -6*l + 43. Determine j(6).
7
Let p(j) = 15*j + 2. Give p(-3).
-43
Let m(w) = -3*w + 79. What is m(13)?
40
Let j(k) = -k**2 + 13*k + 68. What is j(0)?
68
Let b(k) = -k**3 + 12*k**2 - 39*k + 12. Determine b(6).
-6
Let u(q) = -8*q - 101. Calculate u(-12).
-5
Let u(z) = -z**2 + 6*z. Determine u(5).
5
Let s(k) = -2*k**2 + 25*k - 103. Calculate s(7).
-26
Let y(v) = v + 5. Calculate y(-5).
0
Let m(f) = f + 8. What is m(3)?
11
Let v(r) = r**3 - 5*r**2 - 13*r + 2. What is v(-2)?
0
Let t(y) = y**2 - 11*y + 42. Give t(10).
32
Let h(o) = -3*o**3 + 7*o**2 - o. Determine h(3).
-21
Let h(z) = 5*z - 25. What is h(8)?
15
Let c(h) = h**3 + 6*h**2 + 6*h. Give c(-5).
-5
Let q(k) = -k**3 + 14*k**2 + 13*k. Determine q(15).
-30
Let q(m) = -m**3 - 3*m**2 + 28*m + 76. Determine q(-3).
-8
Let b(r) = -18*r**3 + r**2 - 2*r. Calculate b(1).
-19
Let j(n) = -n**2 + 8*n + 14. Give j(10).
-6
Let p(i) = -i - 19. Calculate p(-14).
-5
Let j(i) = i**3 + 3*i**2 - 18*i - 2. Calculate j(-6).
-2
Let b(c) = -c**2 - 4*c + 5. What is b(-8)?
-27
Let d(n) = n**3 + 15*n**2 + 14*n - 4. What is d(-14)?
-4
Let h(t) = 27*t - 15. Give h(2).
39
Let b(a) = a**3 - 8*a**2 + 8*a - 3. Give b(6).
-27
Let j(r) = -52*r - 153. What is j(-3)?
3
Let n(a) = -a + 3. What is n(-7)?
10
Let c(q) = -q**2 - 15*q + 10. What is c(-16)?
-6
Let f(a) = a**2 - 9*a - 5. Determine f(4).
-25
Let k(j) = 107*j - 968. What is k(9)?
-5
Let q(k) = 2*k**2 + 16*k + 44. What is q(-5)?
14
Let w(q) = q**2 + 9*q - 17. Give w(-11).
5
Let u(m) = -5*m**2 - 2*m - 3. Calculate u(-2).
-19
Let q(t) = t**3 - 119. What is q(0)?
-119
Let z(l) = 4*l - 3. Determine z(6).
21
Let g(v) = -7*v - 15. Calculate g(-4).
13
Let w(i) = i**3 + 9*i**2 + 20*i - 9. Calculate w(-4).
-9
Let x(w) = -7*w - 184. What is x(-28)?
12
Let h(y) = y + 1. Give h(2).
3
Let t(k) = 3*k + 14. Give t(12).
50
Let k(p) = 5*p - 1. Give k(1).
4
Let p(b) = -59*b + 1657. Give p(28).
5
Let b(d) = -d**3 - d**2 - d - 5. Give b(0).
-5
Let b(h) = -2*h. Give b(10).
-20
Let y(m) = 6*m + 16. Determine y(-3).
-2
Let w(d) = d**2 + 3*d - 2. Determine w(-3).
-2
Let s(b) = 2*b**3 - 35*b**2 - 59*b + 35. Calculate s(19).
-3
Let o(z) = z**3 + 16*z**2 + 31*z + 32. Give o(-14).
-10
Let c(j) = -j**3 - 9*j**2 - 10*j + 21. Give c(-6).
-27
Let v(g) = -3*g - 12. Give v(-5).
3
Let t(m) = -118*m - 702. What is t(-6)?
6
Let u(v) = 3*v**3 + 13*v**2 + 5*v - 12. Determine u(-4).
-16
Let g(q) = -q**3 - 7*q**2 + 5*q - 3. What is g(-8)?
21
Let n(h) = -7*h + 42. Give n(-6).
84
Let s(k) = -k**2 + 9*k + 5. Determine s(8).
13
Let j(c) = -c**2 + 3*c + 14. Determine j(5).
4
Let y(s) = -s**3 - 15*s**2 - 11*s + 20. Give y(-14).
-22
Let n(j) = -2*j + 25. What is n(8)?
9
Let o(g) = -62*g - 181. Determine o(-3).
5
Let j(o) = o**3 + 12*o**2 + 16*o + 51. Give j(-11).
-4
Let d(w) = w**2 + 2*w - 123. Determine d(-12).
-3
Let j(c) 